{"id":9447,"date":"2024-08-30T18:08:39","date_gmt":"2024-08-30T16:08:39","guid":{"rendered":"https:\/\/mfgraphicdesigner.com\/?page_id=9447"},"modified":"2024-11-12T13:46:44","modified_gmt":"2024-11-12T12:46:44","slug":"menu-flyer-mme-shawn","status":"publish","type":"page","link":"https:\/\/mfgraphicdesigner.com\/index.php\/menu-flyer-mme-shawn\/","title":{"rendered":"Menu &amp; Flyer Mme Shawn"},"content":{"rendered":"\t\t<div data-elementor-type=\"wp-page\" data-elementor-id=\"9447\" class=\"elementor elementor-9447\" data-elementor-settings=\"{&quot;ha_cmc_init_switcher&quot;:&quot;no&quot;}\">\n\t\t\t\t<div class=\"elementor-element elementor-element-6ce56e5 e-flex e-con-boxed wpr-particle-no wpr-jarallax-no wpr-parallax-no wpr-sticky-section-no wpr-equal-height-no e-con e-parent\" data-id=\"6ce56e5\" data-element_type=\"container\" data-e-type=\"container\" data-settings=\"{&quot;_ha_eqh_enable&quot;:false}\">\n\t\t\t\t\t<div class=\"e-con-inner\">\n\t\t<div class=\"elementor-element elementor-element-6bd8e00 e-con-full e-flex wpr-particle-no wpr-jarallax-no wpr-parallax-no wpr-sticky-section-no wpr-equal-height-no e-con e-child\" data-id=\"6bd8e00\" data-element_type=\"container\" data-e-type=\"container\" data-settings=\"{&quot;_ha_eqh_enable&quot;:false}\">\n\t\t\t\t<div class=\"elementor-element elementor-element-6872ca0 elementor-invisible elementor-widget elementor-widget-image\" data-id=\"6872ca0\" data-element_type=\"widget\" data-e-type=\"widget\" data-settings=\"{&quot;_animation&quot;:&quot;fadeInLeft&quot;,&quot;_animation_mobile&quot;:&quot;none&quot;}\" data-widget_type=\"image.default\">\n\t\t\t\t<div class=\"elementor-widget-container\">\n\t\t\t\t\t\t\t\t\t\t\t\t\t\t\t<img fetchpriority=\"high\" decoding=\"async\" width=\"922\" height=\"1024\" src=\"https:\/\/mfgraphicdesigner.com\/wp-content\/uploads\/2024\/08\/shawnmenu-galerie-922x1024.jpg\" class=\"attachment-large size-large wp-image-3715\" alt=\"Menu Mme Shawn d\u00e9pliant fen\u00eatre\" srcset=\"https:\/\/mfgraphicdesigner.com\/wp-content\/uploads\/2024\/08\/shawnmenu-galerie-922x1024.jpg 922w, https:\/\/mfgraphicdesigner.com\/wp-content\/uploads\/2024\/08\/shawnmenu-galerie-270x300.jpg 270w, https:\/\/mfgraphicdesigner.com\/wp-content\/uploads\/2024\/08\/shawnmenu-galerie-1383x1536.jpg 1383w, https:\/\/mfgraphicdesigner.com\/wp-content\/uploads\/2024\/08\/shawnmenu-galerie-1843x2048.jpg 1843w, https:\/\/mfgraphicdesigner.com\/wp-content\/uploads\/2024\/08\/shawnmenu-galerie-600x667.jpg 600w, https:\/\/mfgraphicdesigner.com\/wp-content\/uploads\/2024\/08\/shawnmenu-galerie.jpg 1875w\" sizes=\"100vw\" \/>\t\t\t\t\t\t\t\t\t\t\t\t\t\t\t<\/div>\n\t\t\t\t<\/div>\n\t\t\t\t<\/div>\n\t\t<div class=\"elementor-element elementor-element-8879546 e-con-full e-flex wpr-particle-no wpr-jarallax-no wpr-parallax-no wpr-sticky-section-no wpr-equal-height-no e-con e-child\" data-id=\"8879546\" data-element_type=\"container\" data-e-type=\"container\" data-settings=\"{&quot;_ha_eqh_enable&quot;:false}\">\n\t\t\t\t<div class=\"elementor-element elementor-element-46dc4fa elementor-invisible elementor-widget elementor-widget-heading\" data-id=\"46dc4fa\" data-element_type=\"widget\" data-e-type=\"widget\" data-settings=\"{&quot;_animation&quot;:&quot;fadeInRight&quot;,&quot;_animation_mobile&quot;:&quot;none&quot;}\" data-widget_type=\"heading.default\">\n\t\t\t\t<div class=\"elementor-widget-container\">\n\t\t\t\t\t<h1 class=\"elementor-heading-title elementor-size-default\">Menu &amp; Flyer Mme Shawn <\/h1>\t\t\t\t<\/div>\n\t\t\t\t<\/div>\n\t\t\t\t<div class=\"elementor-element elementor-element-595967a elementor-invisible elementor-widget elementor-widget-heading\" data-id=\"595967a\" data-element_type=\"widget\" data-e-type=\"widget\" data-settings=\"{&quot;_animation&quot;:&quot;fadeInRight&quot;,&quot;_animation_mobile&quot;:&quot;none&quot;,&quot;_animation_delay&quot;:100}\" data-widget_type=\"heading.default\">\n\t\t\t\t<div class=\"elementor-widget-container\">\n\t\t\t\t\t<h2 class=\"elementor-heading-title elementor-size-default\">Un design sobre &amp; ethnique<\/h2>\t\t\t\t<\/div>\n\t\t\t\t<\/div>\n\t\t\t\t<div class=\"elementor-element elementor-element-c2cedc7 elementor-invisible elementor-widget elementor-widget-text-editor\" data-id=\"c2cedc7\" data-element_type=\"widget\" data-e-type=\"widget\" data-settings=\"{&quot;_animation&quot;:&quot;fadeInRight&quot;,&quot;_animation_mobile&quot;:&quot;none&quot;,&quot;_animation_delay&quot;:200}\" data-widget_type=\"text-editor.default\">\n\t\t\t\t<div class=\"elementor-widget-container\">\n\t\t\t\t\t\t\t\t\t<div class=\"page\" title=\"Page 15\"><div class=\"layoutArea\"><div class=\"column\"><p>La carte de\u0301pliant fene\u0302tre pour la cha\u00eene de restaurants tha\u00eflandais Mme Shawn pre\u0301sente un design pluto\u0302t simple en re\u0301fe\u0301rence a\u0300 la de\u0301coration, notamment avec le motif de fond qui n\u2019est autre que le carrelage mural. L\u2019illustration du tigre donne une image dynamique et ethnique aux restaurants. Cet animal permet e\u0301galement d\u2019incarner la rapidite\u0301 du service Delivery.<\/p><div class=\"page\" title=\"Page 16\"><div class=\"layoutArea\"><div class=\"column\"><p>Le flyer a pour objectif d\u2019annoncer l\u2019ouverture d\u2019un nouvel e\u0301tablissement a\u0300 Boulogne-Billancourt. La montgolfie\u0300re symbolise le lancement prochain comme si les plats thai\u0308s voyageaient.<\/p><\/div><\/div><\/div><\/div><\/div><\/div>\t\t\t\t\t\t\t\t<\/div>\n\t\t\t\t<\/div>\n\t\t\t\t<\/div>\n\t\t\t\t\t<\/div>\n\t\t\t\t<\/div>\n\t\t<div class=\"elementor-element elementor-element-a9dd00e e-flex e-con-boxed wpr-particle-no wpr-jarallax-no wpr-parallax-no wpr-sticky-section-no wpr-equal-height-no e-con e-parent\" data-id=\"a9dd00e\" data-element_type=\"container\" data-e-type=\"container\" data-settings=\"{&quot;_ha_eqh_enable&quot;:false}\">\n\t\t\t\t\t<div class=\"e-con-inner\">\n\t\t<div class=\"elementor-element elementor-element-42fb098 e-con-full e-flex wpr-particle-no wpr-jarallax-no wpr-parallax-no wpr-sticky-section-no wpr-equal-height-no e-con e-child\" data-id=\"42fb098\" data-element_type=\"container\" data-e-type=\"container\" data-settings=\"{&quot;_ha_eqh_enable&quot;:false}\">\n\t\t\t\t<div class=\"elementor-element elementor-element-24e555a elementor-invisible elementor-widget elementor-widget-image\" data-id=\"24e555a\" data-element_type=\"widget\" data-e-type=\"widget\" data-settings=\"{&quot;_animation&quot;:&quot;fadeInLeft&quot;,&quot;_animation_mobile&quot;:&quot;none&quot;}\" data-widget_type=\"image.default\">\n\t\t\t\t<div class=\"elementor-widget-container\">\n\t\t\t\t\t\t\t\t\t\t\t\t\t\t\t<img decoding=\"async\" width=\"745\" height=\"1024\" src=\"https:\/\/mfgraphicdesigner.com\/wp-content\/uploads\/2024\/09\/mmeshawn-menu1-745x1024.jpg\" class=\"attachment-large size-large wp-image-10142\" alt=\"Menu Mme Shawn d\u00e9pliant fen\u00eatre\" srcset=\"https:\/\/mfgraphicdesigner.com\/wp-content\/uploads\/2024\/09\/mmeshawn-menu1-745x1024.jpg 745w, https:\/\/mfgraphicdesigner.com\/wp-content\/uploads\/2024\/09\/mmeshawn-menu1-218x300.jpg 218w, https:\/\/mfgraphicdesigner.com\/wp-content\/uploads\/2024\/09\/mmeshawn-menu1-600x825.jpg 600w, https:\/\/mfgraphicdesigner.com\/wp-content\/uploads\/2024\/09\/mmeshawn-menu1.jpg 1067w\" sizes=\"100vw\" \/>\t\t\t\t\t\t\t\t\t\t\t\t\t\t\t<\/div>\n\t\t\t\t<\/div>\n\t\t\t\t<\/div>\n\t\t<div class=\"elementor-element elementor-element-60959ea e-con-full e-flex wpr-particle-no wpr-jarallax-no wpr-parallax-no wpr-sticky-section-no wpr-equal-height-no e-con e-child\" data-id=\"60959ea\" data-element_type=\"container\" data-e-type=\"container\" data-settings=\"{&quot;_ha_eqh_enable&quot;:false}\">\n\t\t\t\t<div class=\"elementor-element elementor-element-79339dc elementor-invisible elementor-widget elementor-widget-image\" data-id=\"79339dc\" data-element_type=\"widget\" data-e-type=\"widget\" data-settings=\"{&quot;_animation&quot;:&quot;fadeInUp&quot;,&quot;_animation_mobile&quot;:&quot;none&quot;}\" data-widget_type=\"image.default\">\n\t\t\t\t<div class=\"elementor-widget-container\">\n\t\t\t\t\t\t\t\t\t\t\t\t\t\t\t<img decoding=\"async\" width=\"745\" height=\"1024\" src=\"https:\/\/mfgraphicdesigner.com\/wp-content\/uploads\/2024\/09\/mmeshawn-flyer-745x1024.jpg\" class=\"attachment-large size-large wp-image-10159\" alt=\"Flyer Mme Shawn efficace et sobre\" srcset=\"https:\/\/mfgraphicdesigner.com\/wp-content\/uploads\/2024\/09\/mmeshawn-flyer-745x1024.jpg 745w, https:\/\/mfgraphicdesigner.com\/wp-content\/uploads\/2024\/09\/mmeshawn-flyer-218x300.jpg 218w, https:\/\/mfgraphicdesigner.com\/wp-content\/uploads\/2024\/09\/mmeshawn-flyer-600x825.jpg 600w, https:\/\/mfgraphicdesigner.com\/wp-content\/uploads\/2024\/09\/mmeshawn-flyer.jpg 1067w\" sizes=\"100vw\" \/>\t\t\t\t\t\t\t\t\t\t\t\t\t\t\t<\/div>\n\t\t\t\t<\/div>\n\t\t\t\t<\/div>\n\t\t<div class=\"elementor-element elementor-element-396b396 e-con-full e-flex wpr-particle-no wpr-jarallax-no wpr-parallax-no wpr-sticky-section-no wpr-equal-height-no e-con e-child\" data-id=\"396b396\" data-element_type=\"container\" data-e-type=\"container\" data-settings=\"{&quot;_ha_eqh_enable&quot;:false}\">\n\t\t\t\t<div class=\"elementor-element elementor-element-2759c27 elementor-invisible elementor-widget elementor-widget-image\" data-id=\"2759c27\" data-element_type=\"widget\" data-e-type=\"widget\" data-settings=\"{&quot;_animation&quot;:&quot;fadeInRight&quot;,&quot;_animation_mobile&quot;:&quot;none&quot;}\" data-widget_type=\"image.default\">\n\t\t\t\t<div class=\"elementor-widget-container\">\n\t\t\t\t\t\t\t\t\t\t\t\t\t\t\t<img loading=\"lazy\" decoding=\"async\" width=\"745\" height=\"1024\" src=\"https:\/\/mfgraphicdesigner.com\/wp-content\/uploads\/2024\/09\/mmeshawn-menu2-745x1024.jpg\" class=\"attachment-large size-large wp-image-10141\" alt=\"Tigre stylis\u00e9 menu Mme Shawn d\u00e9pliant fen\u00eatre\" srcset=\"https:\/\/mfgraphicdesigner.com\/wp-content\/uploads\/2024\/09\/mmeshawn-menu2-745x1024.jpg 745w, https:\/\/mfgraphicdesigner.com\/wp-content\/uploads\/2024\/09\/mmeshawn-menu2-218x300.jpg 218w, https:\/\/mfgraphicdesigner.com\/wp-content\/uploads\/2024\/09\/mmeshawn-menu2-600x825.jpg 600w, https:\/\/mfgraphicdesigner.com\/wp-content\/uploads\/2024\/09\/mmeshawn-menu2.jpg 1067w\" sizes=\"100vw\" \/>\t\t\t\t\t\t\t\t\t\t\t\t\t\t\t<\/div>\n\t\t\t\t<\/div>\n\t\t\t\t<\/div>\n\t\t\t\t\t<\/div>\n\t\t\t\t<\/div>\n\t\t\t\t<\/div>\n\t\t","protected":false},"excerpt":{"rendered":"<p>Menu &amp; Flyer Mme Shawn Un design sobre &amp; ethnique La carte de\u0301pliant fene\u0302tre pour la cha\u00eene de restaurants tha\u00eflandais Mme Shawn pre\u0301sente un design pluto\u0302t simple en re\u0301fe\u0301rence a\u0300 la de\u0301coration, notamment avec le motif de fond qui n\u2019est autre que le carrelage mural. L\u2019illustration du tigre donne une image dynamique et ethnique aux restaurants. Cet animal permet e\u0301galement d\u2019incarner la rapidite\u0301 du service Delivery. Le flyer a pour objectif d\u2019annoncer l\u2019ouverture d\u2019un nouvel e\u0301tablissement a\u0300 Boulogne-Billancourt. La montgolfie\u0300re symbolise le lancement prochain comme si les plats thai\u0308s voyageaient.<\/p>\n","protected":false},"author":1,"featured_media":0,"parent":0,"menu_order":0,"comment_status":"closed","ping_status":"closed","template":"","meta":{"inspiro_hide_title":false,"footnotes":""},"class_list":["post-9447","page","type-page","status-publish","hentry"],"yoast_head":"<!-- This site is optimized with the Yoast SEO plugin v27.5 - https:\/\/yoast.com\/product\/yoast-seo-wordpress\/ -->\n<title>Menu &amp; Flyer Mme Shawn - mfgraphicdesigner<\/title>\n<meta name=\"description\" content=\"Un menu mettant en valeur les plats tha\u00efs et un flyer simple et efficace qui annonce l\u2019ouverture d\u2019un nouveau restaurant Mme Shawn.\" \/>\n<meta name=\"robots\" content=\"index, follow, max-snippet:-1, max-image-preview:large, max-video-preview:-1\" \/>\n<link rel=\"canonical\" href=\"https:\/\/mfgraphicdesigner.com\/index.php\/menu-flyer-mme-shawn\/\" \/>\n<meta property=\"og:locale\" content=\"fr_FR\" \/>\n<meta property=\"og:type\" content=\"article\" \/>\n<meta property=\"og:title\" content=\"Menu &amp; Flyer Mme Shawn - mfgraphicdesigner\" \/>\n<meta property=\"og:description\" content=\"Un menu mettant en valeur les plats tha\u00efs et un flyer simple et efficace qui annonce l\u2019ouverture d\u2019un nouveau restaurant Mme Shawn.\" \/>\n<meta property=\"og:url\" content=\"https:\/\/mfgraphicdesigner.com\/index.php\/menu-flyer-mme-shawn\/\" \/>\n<meta property=\"og:site_name\" content=\"mfgraphicdesigner\" \/>\n<meta property=\"article:modified_time\" content=\"2024-11-12T12:46:44+00:00\" \/>\n<meta property=\"og:image\" content=\"http:\/\/mfgraphicdesigner.com\/wp-content\/uploads\/2024\/08\/shawnmenu-galerie-922x1024.jpg\" \/>\n<meta name=\"twitter:card\" content=\"summary_large_image\" \/>\n<meta name=\"twitter:label1\" content=\"Dur\u00e9e de lecture estim\u00e9e\" \/>\n\t<meta name=\"twitter:data1\" content=\"2 minutes\" \/>\n<script type=\"application\/ld+json\" class=\"yoast-schema-graph\">{\"@context\":\"https:\\\/\\\/schema.org\",\"@graph\":[{\"@type\":\"WebPage\",\"@id\":\"https:\\\/\\\/mfgraphicdesigner.com\\\/index.php\\\/menu-flyer-mme-shawn\\\/\",\"url\":\"https:\\\/\\\/mfgraphicdesigner.com\\\/index.php\\\/menu-flyer-mme-shawn\\\/\",\"name\":\"Menu &amp; Flyer Mme Shawn - mfgraphicdesigner\",\"isPartOf\":{\"@id\":\"https:\\\/\\\/mfgraphicdesigner.com\\\/#website\"},\"primaryImageOfPage\":{\"@id\":\"https:\\\/\\\/mfgraphicdesigner.com\\\/index.php\\\/menu-flyer-mme-shawn\\\/#primaryimage\"},\"image\":{\"@id\":\"https:\\\/\\\/mfgraphicdesigner.com\\\/index.php\\\/menu-flyer-mme-shawn\\\/#primaryimage\"},\"thumbnailUrl\":\"http:\\\/\\\/mfgraphicdesigner.com\\\/wp-content\\\/uploads\\\/2024\\\/08\\\/shawnmenu-galerie-922x1024.jpg\",\"datePublished\":\"2024-08-30T16:08:39+00:00\",\"dateModified\":\"2024-11-12T12:46:44+00:00\",\"description\":\"Un menu mettant en valeur les plats tha\u00efs et un flyer simple et efficace qui annonce l\u2019ouverture d\u2019un nouveau restaurant Mme Shawn.\",\"breadcrumb\":{\"@id\":\"https:\\\/\\\/mfgraphicdesigner.com\\\/index.php\\\/menu-flyer-mme-shawn\\\/#breadcrumb\"},\"inLanguage\":\"fr-FR\",\"potentialAction\":[{\"@type\":\"ReadAction\",\"target\":[\"https:\\\/\\\/mfgraphicdesigner.com\\\/index.php\\\/menu-flyer-mme-shawn\\\/\"]}]},{\"@type\":\"ImageObject\",\"inLanguage\":\"fr-FR\",\"@id\":\"https:\\\/\\\/mfgraphicdesigner.com\\\/index.php\\\/menu-flyer-mme-shawn\\\/#primaryimage\",\"url\":\"http:\\\/\\\/mfgraphicdesigner.com\\\/wp-content\\\/uploads\\\/2024\\\/08\\\/shawnmenu-galerie-922x1024.jpg\",\"contentUrl\":\"http:\\\/\\\/mfgraphicdesigner.com\\\/wp-content\\\/uploads\\\/2024\\\/08\\\/shawnmenu-galerie-922x1024.jpg\"},{\"@type\":\"BreadcrumbList\",\"@id\":\"https:\\\/\\\/mfgraphicdesigner.com\\\/index.php\\\/menu-flyer-mme-shawn\\\/#breadcrumb\",\"itemListElement\":[{\"@type\":\"ListItem\",\"position\":1,\"name\":\"Accueil\",\"item\":\"https:\\\/\\\/mfgraphicdesigner.com\\\/\"},{\"@type\":\"ListItem\",\"position\":2,\"name\":\"Menu &amp; Flyer Mme Shawn\"}]},{\"@type\":\"WebSite\",\"@id\":\"https:\\\/\\\/mfgraphicdesigner.com\\\/#website\",\"url\":\"https:\\\/\\\/mfgraphicdesigner.com\\\/\",\"name\":\"mfgraphicdesigner.com\",\"description\":\"\",\"publisher\":{\"@id\":\"https:\\\/\\\/mfgraphicdesigner.com\\\/#organization\"},\"potentialAction\":[{\"@type\":\"SearchAction\",\"target\":{\"@type\":\"EntryPoint\",\"urlTemplate\":\"https:\\\/\\\/mfgraphicdesigner.com\\\/?s={search_term_string}\"},\"query-input\":{\"@type\":\"PropertyValueSpecification\",\"valueRequired\":true,\"valueName\":\"search_term_string\"}}],\"inLanguage\":\"fr-FR\"},{\"@type\":\"Organization\",\"@id\":\"https:\\\/\\\/mfgraphicdesigner.com\\\/#organization\",\"name\":\"mfgraphicdesigner.com\",\"url\":\"https:\\\/\\\/mfgraphicdesigner.com\\\/\",\"logo\":{\"@type\":\"ImageObject\",\"inLanguage\":\"fr-FR\",\"@id\":\"https:\\\/\\\/mfgraphicdesigner.com\\\/#\\\/schema\\\/logo\\\/image\\\/\",\"url\":\"https:\\\/\\\/mfgraphicdesigner.com\\\/wp-content\\\/uploads\\\/2024\\\/01\\\/logo-final.png\",\"contentUrl\":\"https:\\\/\\\/mfgraphicdesigner.com\\\/wp-content\\\/uploads\\\/2024\\\/01\\\/logo-final.png\",\"width\":3798,\"height\":3646,\"caption\":\"mfgraphicdesigner.com\"},\"image\":{\"@id\":\"https:\\\/\\\/mfgraphicdesigner.com\\\/#\\\/schema\\\/logo\\\/image\\\/\"}}]}<\/script>\n<!-- \/ Yoast SEO plugin. -->","yoast_head_json":{"title":"Menu &amp; Flyer Mme Shawn - mfgraphicdesigner","description":"Un menu mettant en valeur les plats tha\u00efs et un flyer simple et efficace qui annonce l\u2019ouverture d\u2019un nouveau restaurant Mme Shawn.","robots":{"index":"index","follow":"follow","max-snippet":"max-snippet:-1","max-image-preview":"max-image-preview:large","max-video-preview":"max-video-preview:-1"},"canonical":"https:\/\/mfgraphicdesigner.com\/index.php\/menu-flyer-mme-shawn\/","og_locale":"fr_FR","og_type":"article","og_title":"Menu &amp; Flyer Mme Shawn - mfgraphicdesigner","og_description":"Un menu mettant en valeur les plats tha\u00efs et un flyer simple et efficace qui annonce l\u2019ouverture d\u2019un nouveau restaurant Mme Shawn.","og_url":"https:\/\/mfgraphicdesigner.com\/index.php\/menu-flyer-mme-shawn\/","og_site_name":"mfgraphicdesigner","article_modified_time":"2024-11-12T12:46:44+00:00","og_image":[{"url":"http:\/\/mfgraphicdesigner.com\/wp-content\/uploads\/2024\/08\/shawnmenu-galerie-922x1024.jpg","type":"","width":"","height":""}],"twitter_card":"summary_large_image","twitter_misc":{"Dur\u00e9e de lecture estim\u00e9e":"2 minutes"},"schema":{"@context":"https:\/\/schema.org","@graph":[{"@type":"WebPage","@id":"https:\/\/mfgraphicdesigner.com\/index.php\/menu-flyer-mme-shawn\/","url":"https:\/\/mfgraphicdesigner.com\/index.php\/menu-flyer-mme-shawn\/","name":"Menu &amp; Flyer Mme Shawn - mfgraphicdesigner","isPartOf":{"@id":"https:\/\/mfgraphicdesigner.com\/#website"},"primaryImageOfPage":{"@id":"https:\/\/mfgraphicdesigner.com\/index.php\/menu-flyer-mme-shawn\/#primaryimage"},"image":{"@id":"https:\/\/mfgraphicdesigner.com\/index.php\/menu-flyer-mme-shawn\/#primaryimage"},"thumbnailUrl":"http:\/\/mfgraphicdesigner.com\/wp-content\/uploads\/2024\/08\/shawnmenu-galerie-922x1024.jpg","datePublished":"2024-08-30T16:08:39+00:00","dateModified":"2024-11-12T12:46:44+00:00","description":"Un menu mettant en valeur les plats tha\u00efs et un flyer simple et efficace qui annonce l\u2019ouverture d\u2019un nouveau restaurant Mme Shawn.","breadcrumb":{"@id":"https:\/\/mfgraphicdesigner.com\/index.php\/menu-flyer-mme-shawn\/#breadcrumb"},"inLanguage":"fr-FR","potentialAction":[{"@type":"ReadAction","target":["https:\/\/mfgraphicdesigner.com\/index.php\/menu-flyer-mme-shawn\/"]}]},{"@type":"ImageObject","inLanguage":"fr-FR","@id":"https:\/\/mfgraphicdesigner.com\/index.php\/menu-flyer-mme-shawn\/#primaryimage","url":"http:\/\/mfgraphicdesigner.com\/wp-content\/uploads\/2024\/08\/shawnmenu-galerie-922x1024.jpg","contentUrl":"http:\/\/mfgraphicdesigner.com\/wp-content\/uploads\/2024\/08\/shawnmenu-galerie-922x1024.jpg"},{"@type":"BreadcrumbList","@id":"https:\/\/mfgraphicdesigner.com\/index.php\/menu-flyer-mme-shawn\/#breadcrumb","itemListElement":[{"@type":"ListItem","position":1,"name":"Accueil","item":"https:\/\/mfgraphicdesigner.com\/"},{"@type":"ListItem","position":2,"name":"Menu &amp; Flyer Mme Shawn"}]},{"@type":"WebSite","@id":"https:\/\/mfgraphicdesigner.com\/#website","url":"https:\/\/mfgraphicdesigner.com\/","name":"mfgraphicdesigner.com","description":"","publisher":{"@id":"https:\/\/mfgraphicdesigner.com\/#organization"},"potentialAction":[{"@type":"SearchAction","target":{"@type":"EntryPoint","urlTemplate":"https:\/\/mfgraphicdesigner.com\/?s={search_term_string}"},"query-input":{"@type":"PropertyValueSpecification","valueRequired":true,"valueName":"search_term_string"}}],"inLanguage":"fr-FR"},{"@type":"Organization","@id":"https:\/\/mfgraphicdesigner.com\/#organization","name":"mfgraphicdesigner.com","url":"https:\/\/mfgraphicdesigner.com\/","logo":{"@type":"ImageObject","inLanguage":"fr-FR","@id":"https:\/\/mfgraphicdesigner.com\/#\/schema\/logo\/image\/","url":"https:\/\/mfgraphicdesigner.com\/wp-content\/uploads\/2024\/01\/logo-final.png","contentUrl":"https:\/\/mfgraphicdesigner.com\/wp-content\/uploads\/2024\/01\/logo-final.png","width":3798,"height":3646,"caption":"mfgraphicdesigner.com"},"image":{"@id":"https:\/\/mfgraphicdesigner.com\/#\/schema\/logo\/image\/"}}]}},"_links":{"self":[{"href":"https:\/\/mfgraphicdesigner.com\/index.php\/wp-json\/wp\/v2\/pages\/9447","targetHints":{"allow":["GET"]}}],"collection":[{"href":"https:\/\/mfgraphicdesigner.com\/index.php\/wp-json\/wp\/v2\/pages"}],"about":[{"href":"https:\/\/mfgraphicdesigner.com\/index.php\/wp-json\/wp\/v2\/types\/page"}],"author":[{"embeddable":true,"href":"https:\/\/mfgraphicdesigner.com\/index.php\/wp-json\/wp\/v2\/users\/1"}],"replies":[{"embeddable":true,"href":"https:\/\/mfgraphicdesigner.com\/index.php\/wp-json\/wp\/v2\/comments?post=9447"}],"version-history":[{"count":114,"href":"https:\/\/mfgraphicdesigner.com\/index.php\/wp-json\/wp\/v2\/pages\/9447\/revisions"}],"predecessor-version":[{"id":17334,"href":"https:\/\/mfgraphicdesigner.com\/index.php\/wp-json\/wp\/v2\/pages\/9447\/revisions\/17334"}],"wp:attachment":[{"href":"https:\/\/mfgraphicdesigner.com\/index.php\/wp-json\/wp\/v2\/media?parent=9447"}],"curies":[{"name":"wp","href":"https:\/\/api.w.org\/{rel}","templated":true}]}}