{"id":6234,"date":"2024-08-25T11:02:21","date_gmt":"2024-08-25T09:02:21","guid":{"rendered":"https:\/\/mfgraphicdesigner.com\/?page_id=6234"},"modified":"2024-11-12T13:48:23","modified_gmt":"2024-11-12T12:48:23","slug":"packaging-vitacolla","status":"publish","type":"page","link":"https:\/\/mfgraphicdesigner.com\/index.php\/packaging-vitacolla\/","title":{"rendered":"Packaging Vitacolla +"},"content":{"rendered":"\t\t<div data-elementor-type=\"wp-page\" data-elementor-id=\"6234\" class=\"elementor elementor-6234\" data-elementor-settings=\"{&quot;ha_cmc_init_switcher&quot;:&quot;no&quot;}\">\n\t\t\t\t<div class=\"elementor-element elementor-element-0a50526 e-flex e-con-boxed wpr-particle-no wpr-jarallax-no wpr-parallax-no wpr-sticky-section-no wpr-equal-height-no e-con e-parent\" data-id=\"0a50526\" data-element_type=\"container\" data-e-type=\"container\" data-settings=\"{&quot;_ha_eqh_enable&quot;:false}\">\n\t\t\t\t\t<div class=\"e-con-inner\">\n\t\t<div class=\"elementor-element elementor-element-9b769bc e-con-full e-flex wpr-particle-no wpr-jarallax-no wpr-parallax-no wpr-sticky-section-no wpr-equal-height-no e-con e-child\" data-id=\"9b769bc\" data-element_type=\"container\" data-e-type=\"container\" data-settings=\"{&quot;animation&quot;:&quot;none&quot;,&quot;_ha_eqh_enable&quot;:false}\">\n\t\t\t\t<div class=\"elementor-element elementor-element-4961f26 elementor-invisible elementor-widget elementor-widget-heading\" data-id=\"4961f26\" data-element_type=\"widget\" data-e-type=\"widget\" data-settings=\"{&quot;_animation&quot;:&quot;fadeInLeft&quot;,&quot;_animation_mobile&quot;:&quot;none&quot;}\" data-widget_type=\"heading.default\">\n\t\t\t\t<div class=\"elementor-widget-container\">\n\t\t\t\t\t<h1 class=\"elementor-heading-title elementor-size-default\">Packaging Vitacolla +<\/h1>\t\t\t\t<\/div>\n\t\t\t\t<\/div>\n\t\t\t\t<div class=\"elementor-element elementor-element-d5f2f0d elementor-widget__width-initial elementor-invisible elementor-widget elementor-widget-heading\" data-id=\"d5f2f0d\" data-element_type=\"widget\" data-e-type=\"widget\" data-settings=\"{&quot;_animation&quot;:&quot;fadeInLeft&quot;,&quot;_animation_mobile&quot;:&quot;none&quot;,&quot;_animation_delay&quot;:100}\" data-widget_type=\"heading.default\">\n\t\t\t\t<div class=\"elementor-widget-container\">\n\t\t\t\t\t<h2 class=\"elementor-heading-title elementor-size-default\">Un design clinquant,<br>\nun clin d'\u0153il \u00e0 l'origine du produit<\/h2>\t\t\t\t<\/div>\n\t\t\t\t<\/div>\n\t\t\t\t<div class=\"elementor-element elementor-element-af84378 elementor-widget__width-initial elementor-invisible elementor-widget elementor-widget-text-editor\" data-id=\"af84378\" data-element_type=\"widget\" data-e-type=\"widget\" data-settings=\"{&quot;_animation&quot;:&quot;fadeInLeft&quot;,&quot;_animation_mobile&quot;:&quot;none&quot;,&quot;_animation_delay&quot;:200}\" data-widget_type=\"text-editor.default\">\n\t\t\t\t<div class=\"elementor-widget-container\">\n\t\t\t\t\t\t\t\t\t<div class=\"page\" title=\"Page 20\"><div class=\"layoutArea\"><div class=\"column\"><p>Cre\u0301ation du packaging pour le produit de collage\u0300ne \u00ab\u00a0Vitacolla +\u00a0\u00bb de la marque Vitatek base\u0301e en Thai\u0308lande.<\/p><p>Le packaging met en valeur l\u2019origine du produit avec la vague qui ondule sur l\u2019inte\u0301gralite\u0301 du contenant. L\u2019ide\u0301e e\u0301tait de cre\u0301er un emballage tape-a\u0300-l\u2019\u0153il avec la couleur Pink Gold car les Thai\u0308landais sont particulie\u0300rement attire\u0301s par les packagings clinquants et lumineux.<\/p><\/div><\/div><\/div>\t\t\t\t\t\t\t\t<\/div>\n\t\t\t\t<\/div>\n\t\t\t\t<\/div>\n\t\t<div class=\"elementor-element elementor-element-8389872 e-con-full e-flex wpr-particle-no wpr-jarallax-no wpr-parallax-no wpr-sticky-section-no wpr-equal-height-no e-con e-child\" data-id=\"8389872\" data-element_type=\"container\" data-e-type=\"container\" data-settings=\"{&quot;_ha_eqh_enable&quot;:false}\">\n\t\t\t\t<div class=\"elementor-element elementor-element-130c2da elementor-widget-mobile__width-inherit elementor-invisible elementor-widget elementor-widget-image\" data-id=\"130c2da\" data-element_type=\"widget\" data-e-type=\"widget\" data-settings=\"{&quot;_animation&quot;:&quot;fadeInRight&quot;,&quot;_animation_mobile&quot;:&quot;none&quot;}\" data-widget_type=\"image.default\">\n\t\t\t\t<div class=\"elementor-widget-container\">\n\t\t\t\t\t\t\t\t\t\t\t\t\t\t\t<img fetchpriority=\"high\" decoding=\"async\" width=\"950\" height=\"950\" src=\"https:\/\/mfgraphicdesigner.com\/wp-content\/uploads\/2024\/08\/packaging-vitacolla-1024x1024.jpg\" class=\"attachment-large size-large wp-image-4429\" alt=\"Photographie des packagings de collag\u00e8ne Vitacolla+ (bo\u00eete et stick)\" srcset=\"https:\/\/mfgraphicdesigner.com\/wp-content\/uploads\/2024\/08\/packaging-vitacolla-1024x1024.jpg 1024w, https:\/\/mfgraphicdesigner.com\/wp-content\/uploads\/2024\/08\/packaging-vitacolla-300x300.jpg 300w, https:\/\/mfgraphicdesigner.com\/wp-content\/uploads\/2024\/08\/packaging-vitacolla-150x150.jpg 150w, https:\/\/mfgraphicdesigner.com\/wp-content\/uploads\/2024\/08\/packaging-vitacolla-600x600.jpg 600w, https:\/\/mfgraphicdesigner.com\/wp-content\/uploads\/2024\/08\/packaging-vitacolla-100x100.jpg 100w, https:\/\/mfgraphicdesigner.com\/wp-content\/uploads\/2024\/08\/packaging-vitacolla.jpg 1080w\" sizes=\"100vw\" \/>\t\t\t\t\t\t\t\t\t\t\t\t\t\t\t<\/div>\n\t\t\t\t<\/div>\n\t\t\t\t<\/div>\n\t\t\t\t\t<\/div>\n\t\t\t\t<\/div>\n\t\t<div class=\"elementor-element elementor-element-0cd6168 e-flex e-con-boxed wpr-particle-no wpr-jarallax-no wpr-parallax-no wpr-sticky-section-no wpr-equal-height-no e-con e-parent\" data-id=\"0cd6168\" data-element_type=\"container\" data-e-type=\"container\" data-settings=\"{&quot;_ha_eqh_enable&quot;:false}\">\n\t\t\t\t\t<div class=\"e-con-inner\">\n\t\t<div class=\"elementor-element elementor-element-b1ca15a e-con-full e-flex wpr-particle-no wpr-jarallax-no wpr-parallax-no wpr-sticky-section-no wpr-equal-height-no e-con e-child\" data-id=\"b1ca15a\" data-element_type=\"container\" data-e-type=\"container\" data-settings=\"{&quot;_ha_eqh_enable&quot;:false}\">\n\t\t\t\t<div class=\"elementor-element elementor-element-26115de elementor-invisible elementor-widget elementor-widget-image\" data-id=\"26115de\" data-element_type=\"widget\" data-e-type=\"widget\" data-settings=\"{&quot;_animation&quot;:&quot;fadeInUp&quot;,&quot;_animation_mobile&quot;:&quot;none&quot;}\" data-widget_type=\"image.default\">\n\t\t\t\t<div class=\"elementor-widget-container\">\n\t\t\t\t\t\t\t\t\t\t\t\t\t\t\t<img decoding=\"async\" width=\"950\" height=\"950\" src=\"https:\/\/mfgraphicdesigner.com\/wp-content\/uploads\/2024\/09\/packaging-vitacolla2-1024x1024.jpg\" class=\"attachment-large size-large wp-image-13286\" alt=\"Packaging collag\u00e8ne Vitacolla+\" srcset=\"https:\/\/mfgraphicdesigner.com\/wp-content\/uploads\/2024\/09\/packaging-vitacolla2-1024x1024.jpg 1024w, https:\/\/mfgraphicdesigner.com\/wp-content\/uploads\/2024\/09\/packaging-vitacolla2-300x300.jpg 300w, https:\/\/mfgraphicdesigner.com\/wp-content\/uploads\/2024\/09\/packaging-vitacolla2-150x150.jpg 150w, https:\/\/mfgraphicdesigner.com\/wp-content\/uploads\/2024\/09\/packaging-vitacolla2-600x600.jpg 600w, https:\/\/mfgraphicdesigner.com\/wp-content\/uploads\/2024\/09\/packaging-vitacolla2-100x100.jpg 100w, https:\/\/mfgraphicdesigner.com\/wp-content\/uploads\/2024\/09\/packaging-vitacolla2.jpg 1080w\" sizes=\"100vw\" \/>\t\t\t\t\t\t\t\t\t\t\t\t\t\t\t<\/div>\n\t\t\t\t<\/div>\n\t\t\t\t<\/div>\n\t\t<div class=\"elementor-element elementor-element-560e5e7 e-con-full e-flex wpr-particle-no wpr-jarallax-no wpr-parallax-no wpr-sticky-section-no wpr-equal-height-no e-con e-child\" data-id=\"560e5e7\" data-element_type=\"container\" data-e-type=\"container\" data-settings=\"{&quot;_ha_eqh_enable&quot;:false}\">\n\t\t\t\t<div class=\"elementor-element elementor-element-6cb03ba elementor-invisible elementor-widget elementor-widget-image\" data-id=\"6cb03ba\" data-element_type=\"widget\" data-e-type=\"widget\" data-settings=\"{&quot;_animation&quot;:&quot;fadeInUp&quot;,&quot;_animation_mobile&quot;:&quot;none&quot;}\" data-widget_type=\"image.default\">\n\t\t\t\t<div class=\"elementor-widget-container\">\n\t\t\t\t\t\t\t\t\t\t\t\t\t\t\t<img decoding=\"async\" width=\"950\" height=\"950\" src=\"https:\/\/mfgraphicdesigner.com\/wp-content\/uploads\/2024\/08\/packaging-vitacolla3-1024x1024.jpg\" class=\"attachment-large size-large wp-image-4764\" alt=\"Stick collag\u00e8ne Vitacolla+\" srcset=\"https:\/\/mfgraphicdesigner.com\/wp-content\/uploads\/2024\/08\/packaging-vitacolla3-1024x1024.jpg 1024w, https:\/\/mfgraphicdesigner.com\/wp-content\/uploads\/2024\/08\/packaging-vitacolla3-300x300.jpg 300w, https:\/\/mfgraphicdesigner.com\/wp-content\/uploads\/2024\/08\/packaging-vitacolla3-150x150.jpg 150w, https:\/\/mfgraphicdesigner.com\/wp-content\/uploads\/2024\/08\/packaging-vitacolla3-600x600.jpg 600w, https:\/\/mfgraphicdesigner.com\/wp-content\/uploads\/2024\/08\/packaging-vitacolla3-100x100.jpg 100w, https:\/\/mfgraphicdesigner.com\/wp-content\/uploads\/2024\/08\/packaging-vitacolla3.jpg 1080w\" sizes=\"100vw\" \/>\t\t\t\t\t\t\t\t\t\t\t\t\t\t\t<\/div>\n\t\t\t\t<\/div>\n\t\t\t\t<\/div>\n\t\t\t\t\t<\/div>\n\t\t\t\t<\/div>\n\t\t\t\t<\/div>\n\t\t","protected":false},"excerpt":{"rendered":"<p>Packaging Vitacolla + Un design clinquant, un clin d&rsquo;\u0153il \u00e0 l&rsquo;origine du produit Cre\u0301ation du packaging pour le produit de collage\u0300ne \u00ab\u00a0Vitacolla +\u00a0\u00bb de la marque Vitatek base\u0301e en Thai\u0308lande. Le packaging met en valeur l\u2019origine du produit avec la vague qui ondule sur l\u2019inte\u0301gralite\u0301 du contenant. L\u2019ide\u0301e e\u0301tait de cre\u0301er un emballage tape-a\u0300-l\u2019\u0153il avec la couleur Pink Gold car les Thai\u0308landais sont particulie\u0300rement attire\u0301s par les packagings clinquants et lumineux.<\/p>\n","protected":false},"author":1,"featured_media":0,"parent":0,"menu_order":0,"comment_status":"closed","ping_status":"closed","template":"","meta":{"inspiro_hide_title":false,"footnotes":""},"class_list":["post-6234","page","type-page","status-publish","hentry"],"yoast_head":"<!-- This site is optimized with the Yoast SEO plugin v27.5 - https:\/\/yoast.com\/product\/yoast-seo-wordpress\/ -->\n<title>Packaging Vitacolla + - mfgraphicdesigner<\/title>\n<meta name=\"description\" content=\"Un packaging clinquant et lumineux pour le produit de collag\u00e8ne &quot;Vitacolla +&quot; de la marque Vitatek bas\u00e9e en Tha\u00eflande.\" \/>\n<meta name=\"robots\" content=\"index, follow, max-snippet:-1, max-image-preview:large, max-video-preview:-1\" \/>\n<link rel=\"canonical\" href=\"https:\/\/mfgraphicdesigner.com\/index.php\/packaging-vitacolla\/\" \/>\n<meta property=\"og:locale\" content=\"fr_FR\" \/>\n<meta property=\"og:type\" content=\"article\" \/>\n<meta property=\"og:title\" content=\"Packaging Vitacolla + - mfgraphicdesigner\" \/>\n<meta property=\"og:description\" content=\"Un packaging clinquant et lumineux pour le produit de collag\u00e8ne &quot;Vitacolla +&quot; de la marque Vitatek bas\u00e9e en Tha\u00eflande.\" \/>\n<meta property=\"og:url\" content=\"https:\/\/mfgraphicdesigner.com\/index.php\/packaging-vitacolla\/\" \/>\n<meta property=\"og:site_name\" content=\"mfgraphicdesigner\" \/>\n<meta property=\"article:modified_time\" content=\"2024-11-12T12:48:23+00:00\" \/>\n<meta property=\"og:image\" content=\"http:\/\/mfgraphicdesigner.com\/wp-content\/uploads\/2024\/08\/packaging-vitacolla-1024x1024.jpg\" \/>\n<meta name=\"twitter:card\" content=\"summary_large_image\" \/>\n<meta name=\"twitter:label1\" content=\"Dur\u00e9e de lecture estim\u00e9e\" \/>\n\t<meta name=\"twitter:data1\" content=\"1 minute\" \/>\n<script type=\"application\/ld+json\" class=\"yoast-schema-graph\">{\"@context\":\"https:\\\/\\\/schema.org\",\"@graph\":[{\"@type\":\"WebPage\",\"@id\":\"https:\\\/\\\/mfgraphicdesigner.com\\\/index.php\\\/packaging-vitacolla\\\/\",\"url\":\"https:\\\/\\\/mfgraphicdesigner.com\\\/index.php\\\/packaging-vitacolla\\\/\",\"name\":\"Packaging Vitacolla + - mfgraphicdesigner\",\"isPartOf\":{\"@id\":\"https:\\\/\\\/mfgraphicdesigner.com\\\/#website\"},\"primaryImageOfPage\":{\"@id\":\"https:\\\/\\\/mfgraphicdesigner.com\\\/index.php\\\/packaging-vitacolla\\\/#primaryimage\"},\"image\":{\"@id\":\"https:\\\/\\\/mfgraphicdesigner.com\\\/index.php\\\/packaging-vitacolla\\\/#primaryimage\"},\"thumbnailUrl\":\"http:\\\/\\\/mfgraphicdesigner.com\\\/wp-content\\\/uploads\\\/2024\\\/08\\\/packaging-vitacolla-1024x1024.jpg\",\"datePublished\":\"2024-08-25T09:02:21+00:00\",\"dateModified\":\"2024-11-12T12:48:23+00:00\",\"description\":\"Un packaging clinquant et lumineux pour le produit de collag\u00e8ne \\\"Vitacolla +\\\" de la marque Vitatek bas\u00e9e en Tha\u00eflande.\",\"breadcrumb\":{\"@id\":\"https:\\\/\\\/mfgraphicdesigner.com\\\/index.php\\\/packaging-vitacolla\\\/#breadcrumb\"},\"inLanguage\":\"fr-FR\",\"potentialAction\":[{\"@type\":\"ReadAction\",\"target\":[\"https:\\\/\\\/mfgraphicdesigner.com\\\/index.php\\\/packaging-vitacolla\\\/\"]}]},{\"@type\":\"ImageObject\",\"inLanguage\":\"fr-FR\",\"@id\":\"https:\\\/\\\/mfgraphicdesigner.com\\\/index.php\\\/packaging-vitacolla\\\/#primaryimage\",\"url\":\"http:\\\/\\\/mfgraphicdesigner.com\\\/wp-content\\\/uploads\\\/2024\\\/08\\\/packaging-vitacolla-1024x1024.jpg\",\"contentUrl\":\"http:\\\/\\\/mfgraphicdesigner.com\\\/wp-content\\\/uploads\\\/2024\\\/08\\\/packaging-vitacolla-1024x1024.jpg\"},{\"@type\":\"BreadcrumbList\",\"@id\":\"https:\\\/\\\/mfgraphicdesigner.com\\\/index.php\\\/packaging-vitacolla\\\/#breadcrumb\",\"itemListElement\":[{\"@type\":\"ListItem\",\"position\":1,\"name\":\"Accueil\",\"item\":\"https:\\\/\\\/mfgraphicdesigner.com\\\/\"},{\"@type\":\"ListItem\",\"position\":2,\"name\":\"Packaging Vitacolla +\"}]},{\"@type\":\"WebSite\",\"@id\":\"https:\\\/\\\/mfgraphicdesigner.com\\\/#website\",\"url\":\"https:\\\/\\\/mfgraphicdesigner.com\\\/\",\"name\":\"mfgraphicdesigner.com\",\"description\":\"\",\"publisher\":{\"@id\":\"https:\\\/\\\/mfgraphicdesigner.com\\\/#organization\"},\"potentialAction\":[{\"@type\":\"SearchAction\",\"target\":{\"@type\":\"EntryPoint\",\"urlTemplate\":\"https:\\\/\\\/mfgraphicdesigner.com\\\/?s={search_term_string}\"},\"query-input\":{\"@type\":\"PropertyValueSpecification\",\"valueRequired\":true,\"valueName\":\"search_term_string\"}}],\"inLanguage\":\"fr-FR\"},{\"@type\":\"Organization\",\"@id\":\"https:\\\/\\\/mfgraphicdesigner.com\\\/#organization\",\"name\":\"mfgraphicdesigner.com\",\"url\":\"https:\\\/\\\/mfgraphicdesigner.com\\\/\",\"logo\":{\"@type\":\"ImageObject\",\"inLanguage\":\"fr-FR\",\"@id\":\"https:\\\/\\\/mfgraphicdesigner.com\\\/#\\\/schema\\\/logo\\\/image\\\/\",\"url\":\"https:\\\/\\\/mfgraphicdesigner.com\\\/wp-content\\\/uploads\\\/2024\\\/01\\\/logo-final.png\",\"contentUrl\":\"https:\\\/\\\/mfgraphicdesigner.com\\\/wp-content\\\/uploads\\\/2024\\\/01\\\/logo-final.png\",\"width\":3798,\"height\":3646,\"caption\":\"mfgraphicdesigner.com\"},\"image\":{\"@id\":\"https:\\\/\\\/mfgraphicdesigner.com\\\/#\\\/schema\\\/logo\\\/image\\\/\"}}]}<\/script>\n<!-- \/ Yoast SEO plugin. -->","yoast_head_json":{"title":"Packaging Vitacolla + - mfgraphicdesigner","description":"Un packaging clinquant et lumineux pour le produit de collag\u00e8ne \"Vitacolla +\" de la marque Vitatek bas\u00e9e en Tha\u00eflande.","robots":{"index":"index","follow":"follow","max-snippet":"max-snippet:-1","max-image-preview":"max-image-preview:large","max-video-preview":"max-video-preview:-1"},"canonical":"https:\/\/mfgraphicdesigner.com\/index.php\/packaging-vitacolla\/","og_locale":"fr_FR","og_type":"article","og_title":"Packaging Vitacolla + - mfgraphicdesigner","og_description":"Un packaging clinquant et lumineux pour le produit de collag\u00e8ne \"Vitacolla +\" de la marque Vitatek bas\u00e9e en Tha\u00eflande.","og_url":"https:\/\/mfgraphicdesigner.com\/index.php\/packaging-vitacolla\/","og_site_name":"mfgraphicdesigner","article_modified_time":"2024-11-12T12:48:23+00:00","og_image":[{"url":"http:\/\/mfgraphicdesigner.com\/wp-content\/uploads\/2024\/08\/packaging-vitacolla-1024x1024.jpg","type":"","width":"","height":""}],"twitter_card":"summary_large_image","twitter_misc":{"Dur\u00e9e de lecture estim\u00e9e":"1 minute"},"schema":{"@context":"https:\/\/schema.org","@graph":[{"@type":"WebPage","@id":"https:\/\/mfgraphicdesigner.com\/index.php\/packaging-vitacolla\/","url":"https:\/\/mfgraphicdesigner.com\/index.php\/packaging-vitacolla\/","name":"Packaging Vitacolla + - mfgraphicdesigner","isPartOf":{"@id":"https:\/\/mfgraphicdesigner.com\/#website"},"primaryImageOfPage":{"@id":"https:\/\/mfgraphicdesigner.com\/index.php\/packaging-vitacolla\/#primaryimage"},"image":{"@id":"https:\/\/mfgraphicdesigner.com\/index.php\/packaging-vitacolla\/#primaryimage"},"thumbnailUrl":"http:\/\/mfgraphicdesigner.com\/wp-content\/uploads\/2024\/08\/packaging-vitacolla-1024x1024.jpg","datePublished":"2024-08-25T09:02:21+00:00","dateModified":"2024-11-12T12:48:23+00:00","description":"Un packaging clinquant et lumineux pour le produit de collag\u00e8ne \"Vitacolla +\" de la marque Vitatek bas\u00e9e en Tha\u00eflande.","breadcrumb":{"@id":"https:\/\/mfgraphicdesigner.com\/index.php\/packaging-vitacolla\/#breadcrumb"},"inLanguage":"fr-FR","potentialAction":[{"@type":"ReadAction","target":["https:\/\/mfgraphicdesigner.com\/index.php\/packaging-vitacolla\/"]}]},{"@type":"ImageObject","inLanguage":"fr-FR","@id":"https:\/\/mfgraphicdesigner.com\/index.php\/packaging-vitacolla\/#primaryimage","url":"http:\/\/mfgraphicdesigner.com\/wp-content\/uploads\/2024\/08\/packaging-vitacolla-1024x1024.jpg","contentUrl":"http:\/\/mfgraphicdesigner.com\/wp-content\/uploads\/2024\/08\/packaging-vitacolla-1024x1024.jpg"},{"@type":"BreadcrumbList","@id":"https:\/\/mfgraphicdesigner.com\/index.php\/packaging-vitacolla\/#breadcrumb","itemListElement":[{"@type":"ListItem","position":1,"name":"Accueil","item":"https:\/\/mfgraphicdesigner.com\/"},{"@type":"ListItem","position":2,"name":"Packaging Vitacolla +"}]},{"@type":"WebSite","@id":"https:\/\/mfgraphicdesigner.com\/#website","url":"https:\/\/mfgraphicdesigner.com\/","name":"mfgraphicdesigner.com","description":"","publisher":{"@id":"https:\/\/mfgraphicdesigner.com\/#organization"},"potentialAction":[{"@type":"SearchAction","target":{"@type":"EntryPoint","urlTemplate":"https:\/\/mfgraphicdesigner.com\/?s={search_term_string}"},"query-input":{"@type":"PropertyValueSpecification","valueRequired":true,"valueName":"search_term_string"}}],"inLanguage":"fr-FR"},{"@type":"Organization","@id":"https:\/\/mfgraphicdesigner.com\/#organization","name":"mfgraphicdesigner.com","url":"https:\/\/mfgraphicdesigner.com\/","logo":{"@type":"ImageObject","inLanguage":"fr-FR","@id":"https:\/\/mfgraphicdesigner.com\/#\/schema\/logo\/image\/","url":"https:\/\/mfgraphicdesigner.com\/wp-content\/uploads\/2024\/01\/logo-final.png","contentUrl":"https:\/\/mfgraphicdesigner.com\/wp-content\/uploads\/2024\/01\/logo-final.png","width":3798,"height":3646,"caption":"mfgraphicdesigner.com"},"image":{"@id":"https:\/\/mfgraphicdesigner.com\/#\/schema\/logo\/image\/"}}]}},"_links":{"self":[{"href":"https:\/\/mfgraphicdesigner.com\/index.php\/wp-json\/wp\/v2\/pages\/6234","targetHints":{"allow":["GET"]}}],"collection":[{"href":"https:\/\/mfgraphicdesigner.com\/index.php\/wp-json\/wp\/v2\/pages"}],"about":[{"href":"https:\/\/mfgraphicdesigner.com\/index.php\/wp-json\/wp\/v2\/types\/page"}],"author":[{"embeddable":true,"href":"https:\/\/mfgraphicdesigner.com\/index.php\/wp-json\/wp\/v2\/users\/1"}],"replies":[{"embeddable":true,"href":"https:\/\/mfgraphicdesigner.com\/index.php\/wp-json\/wp\/v2\/comments?post=6234"}],"version-history":[{"count":89,"href":"https:\/\/mfgraphicdesigner.com\/index.php\/wp-json\/wp\/v2\/pages\/6234\/revisions"}],"predecessor-version":[{"id":17340,"href":"https:\/\/mfgraphicdesigner.com\/index.php\/wp-json\/wp\/v2\/pages\/6234\/revisions\/17340"}],"wp:attachment":[{"href":"https:\/\/mfgraphicdesigner.com\/index.php\/wp-json\/wp\/v2\/media?parent=6234"}],"curies":[{"name":"wp","href":"https:\/\/api.w.org\/{rel}","templated":true}]}}